 + -22?
20210020220201
In base 13, what is -1535 - 7675?
-8baa
In base 7, what is -13346232 - -6?
-13346223
In base 12, what is -b86311 - 12?
-b86323
In base 8, what is -354 + -1741?
-2315
In base 10, what is -39 + 800446?
800407
In base 10, what is -184078 + -226?
-184304
In base 15, what is 170 - d1b33?
-d19b3
In base 5, what is -1 + 1403410133?
1403410132
In base 12, what is -145 - -47520?
47397
In base 12, what is -583538 + -13?
-58354b
In base 6, what is 1 + 1551445?
1551450
In base 15, what is 152c57 + 49?
152ca1
In base 8, what is -44 - 1107560?
-1107624
In base 8, what is -22506 - 17045?
-41553
In base 13, what is -6c35 - a01b?
-13c53
In base 4, what is -32122001313 - 12?
-32122001331
In base 11, what is 131 + -10991?
-10860
In base 9, what is 110121 + 323?
110444
In base 10, what is -15881 + -35?
-15916
In base 15, what is -45e094 - -4?
-45e090
In base 10, what is 2938 + -19379?
-16441
In base 4, what is 10300311 - -2201?
10303112
In base 7, what is -1024153223 + -5?
-1024153231
In base 16, what is c5e + -10579?
-f91b
In base 16, what is -8554 - -1477?
-70dd
In base 2, what is 1001101110110 + -10110101010?
110111001100
In base 12, what is -11 + 17?
6
In base 5, what is -4 - 3234003324?
-3234003333
In base 4, what is 110102 + -310112?
-200010
In base 9, what is -5 + 13515076?
13515071
In base 15, what is e - bd308a?
-bd307b
In base 3, what is -2000001100221 + 1120?
-2000001022101
In base 2, what is 111111111010 + -1110101000000001?
-1101101000000111
In base 3, what is 201 + 12020220010212?
12020220011120
In base 16, what is -2104 + 1192?
-f72
In base 2, what is -101010011110101111 - -110111?
-101010011101111000
In base 7, what is 64103605 - 1?
64103604
In base 9, what is -221 - -8762402?
8762171
In base 6, what is 0 - 12304052450?
-12304052450
In base 11, what is 20294a31 + 4?
20294a35
In base 3, what is -100210101101 + 202?
-100210100122
In base 9, what is 1326181 - -56?
1326247
In base 6, what is 24 - 1323341501?
-1323341433
In base 16, what is a4 - -34061?
34105
In base 8, what is 104710257 + 1?
104710260
In base 3, what is -2 - -1021001210100221?
1021001210100212
In base 11, what is 0 + 46852700?
46852700
In base 2, what is 1011101010100010001001111 - 11?
1011101010100010001001100
In base 9, what is 1231 + -8611?
-7370
In base 11, what is -3a8a942 + 5?
-3a8a938
In base 10, what is 3473677022 - -5?
3473677027
In base 6, what is 14324223003 - 1?
14324223002
In base 13, what is 82 + -15b1b?
-15a69
In base 5, what is 0 + -123240334334?
-123240334334
In base 4, what is 31 - 2021211202?
-2021211111
In base 16, what is -2af6b + 279?
-2acf2
In base 2, what is -1011001 - -10100111100101?
10100110001100
In base 2, what is -1100100100 - 1000000101111111101?
-1000000111100100001
In base 2, what is -110 - 101101010110011001010?
-101101010110011010000
In base 2, what is -101001101111110111 + -10001110000?
-101010000001100111
In base 7, what is 561566666 - -3?
561600002
In base 3, what is -21111021 + -2012010?
-100200101
In base 12, what is aa7680 - 30?
aa7650
In base 12, what is 0 - -963a6?
963a6
In base 5, what is 10042422 - -1010042?
11103014
In base 16, what is 1f5d - 31?
1f2c
In base 15, what is -a8459 + 27a?
-a81ce
In base 4, what is -2303322202032 + 2?
-2303322202030
In base 15, what is -11dad0 - -a4?
-11da2b
In base 13, what is 4 + 492679?
492680
In base 8, what is 32013 - -24324?
56337
In base 13, what is -636 + -406?
-a3c
In base 6, what is -2 - -2013125205?
2013125203
In base 9, what is -100 + 6824508?
6824408
In base 7, what is -5 + 213151432?
213151424
In base 12, what is -149 - -1a10b3?
1a0b66
In base 5, what is 323 - 4332213344?
-4332213021
In base 12, what is -a64608 - 4?
-a64610
In base 2, what is 1100001010100000001 - -11?
1100001010100000100
In base 5, what is -211244 - -20001?
-141243
In base 4, what is 2311322 + -132233?
2113023
In base 11, what is -5065377 - -5?
-5065372
In base 16, what is 7c + -e0ca?
-e04e
In base 7, what is -116504 + -26303?
-146110
In base 6, what is -1432 + -2235444?
-2241320
In base 4, what is -13232211331 - 131?
-13232212122
In base 15, what is -5 + -577a210?
-577a215
In base 16, what is -1ec0f - -2?
-1ec0d
In base 5, what is -102414 - -41214?
-11200
In base 7, what is 13 - -12305122?
12305135
In base 9, what is 4002 + 51085?
55087
In base 14, what is 214b - 289?
1ca2
In base 10, what is -27 + 792661?
792634
In base 6, what is 4 + -23105242013?
-23105242005
In base 2, what is 110110011 - 1111111010001101101?
-1111111001010111010
In base 12, what is 5080 - -2346?
7406
In base 8, what is 32456 - 1132?
31324
In base 16, what is -3 - 1064f5e?
-1064f61
In base 6, what is -21550 - 111?
-22101
In base 16, what is 2bcdd9 - -2?
2bcddb
In base 8, what is -44 - 160244?
-160310
In base 2, what is 1100001101001101100010111 - -11?
1100001101001101100011010
In base 10, what is 76568 - 1063?
75505
In base 3, what is -21 - -20012120020212?
20012120020121
In base 7, what is 4336241 - 112?
4336126
In base 7, what is 6214545 - -66?
6214644
In base 15, what is -1 + 1b076e0?
1b076de
In base 5, what is -124132 - 2341443?
-3021130
In base 15, what is -2213619c + 1?
-2213619b
In base 8, what is 505075 - -25?
505122
In base 11, what is 221 - 144871?
-144650
In base 2, what is -1001101100001 - -101011101010?
-100001110111
In base 10, what is 1 + -2116136?
-2116135
In base 13, what is 16bc + 1b8?
18a7
In base 14, what is 48a8d1 - -34?
48a925
In base 8, what is 2553 + -7570?
-5015
In base 7, what is -122022 + -343?
-122365
In base 15, what is 4494 + -2c5?
41be
In base 3, what is 2011 - -120112122212220?
120112122222001
In base 14, what is -129961 - 70?
-1299d1
In base 8, what is 0 + -46753243?
-46753243
In base 4, what is -23120320221 - -1102?
-23120313113
In base 14, what is 14c6c1 + c?
14c6cd
In base 16, what is 4cd8 + -170?
4b68
In base 9, what is 1468828 - -16?
1468845
In base 13, what is -1ba + -24b84?
-25071
In base 6, what is 5 - -135140304?
135140313
In base 4, what is 2 + 11012123121000?
11012123121002
In base 2, what is 111 - -1100110100011010111?
1100110100011011110
In base 6, what is -12431350 - -11?
-12431335
In base 12, what is 3ab9ab17 + 1?
3ab9ab18
In base 8, what is 753162 - -11132?
764314
In base 9, what is 53 - 2326111?
-2326047
In base 7, what is 26410 + -52215?
-22505
In base 13, what is -3 + -45c82?
-45c85
In base 4, what is -111212111222 + -13?
-111212111301
In base 2, what is -100010110111010 + 110110010001?
-11100000101001
In base 3, what is -122 - 1002201100202022?
-1002201100202221
In base 8, what is -2545177261 - 4?
-2545177265
In base 3, what is -100220012 - -110?
-100212202
In base 6, what is 1 - 4103510355?
-4103510354
In base 2, what is 1101000111 + -101110001000011010?
-101101111011010011
In base 14, what is 1 - -5115c46?
5115c47
In base 9, what is -1025503427 + 3?
-1025503424
In base 12, what is 2 + -1294332?
-1294330
In base 7, what is -13510642 + 10?
-13510632
In base 10, what is 31112547 + -3?
31112544
In base 16, what is -3651 - 77?
-36c8
In base 7, what is 245305144 + 2?
245305146
In base 12, what is -35185 - -532?
-34853
In base 5, what is 1422414 - -1211313?
3134232
In base 7, what is 160 + 1012263?
1012453
In base 14, what is 596 + -1639?
-1083
In base 2, what is 1 + -10000100101010110?
-10000100101010101
In base 13, what is -4469c5 - 402?
-4470c7
In base 7, what is -23 + -5503606?
-5503632
In base 13, what is -45545c - 3?
-455462
In base 11, what is -a3704 - -25?
-a368a
In base 9, what is 14 + 2288146?
2288161
In base 16, what is 2 - 17df3839?
-17df3837
In base 12, what is 639286 - b?
639277
In base 12, what is -6717559 - -4?
-6717555
In base 5, what is 10 - -1424421044012?
1424421044022
In base 13, what is 234918a - 4?
2349186
In base 10, what is 4052326 + -5?
4052321
In base 9, what is 4 + -71520257?
-71520253
In base 15, what is 1ed - -10a5ae?
10a7ac
In base 13, what is 1 + 628c1a?
628c1b
In base 6, what is -4 + -2352413?
-2352421
In base 8, what is 57 - -22672144?
22672223
In base 11, what is -700a1 + 84?
-70018
In base 12, what is 65 - 6ba0?
-6b37
In base 4, what is -13103203 + 332333?
-12110210
In base 9, what is -218556340 + -4?
-218556344
In base 5, what is 302 - 344424304?
-344424002
In base 2, what is 10011111001101000 + -1110000101110?
10010001000111010
In base 10, what i